 + 5138. Let n = b - -10136. Is n a prime number?
True
Let q = 193767 + -91996. Is q a composite number?
False
Let t be -4 - -6 - -2 - -11. Suppose 0 = -3*m - 4*d + 10, 0*m + m + 5*d + t = 0. Is (m/(-40))/(3/(-12108)) prime?
True
Let v = 99 - 90. Let c(t) = t**3 - 10*t**2 + 11*t - 12. Let o be c(v). Suppose -3*d - o = 0, 6*y - 3*d = 2*y + 7370. Is y composite?
True
Let r(c) = -2*c**3 + 22*c**2 - 15*c - 44. Let u be r(10). Suppose 53932 = u*k - 69920. Is k a composite number?
True
Suppose 5*a + 7*g - 11*g - 328801 = 0, -3*g = 5*a - 328808. Is a composite?
False
Let d = 88315 + 103024. Is d prime?
True
Suppose -497 + 117 = -4*p. Let d = 456 + p. Is d a composite number?
True
Let h = -6001 - -15754. Is h composite?
True
Let d = -1167 - -1795. Suppose -4*p = 2*k - 2082 - d, 6775 = 5*k + p. Let z = k - 874. Is z a composite number?
True
Let y be (-35)/(-13 + 6) - (-2 + -1). Is -4*(-4)/y*12295/10 composite?
False
Suppose 5*p + 11 = 3*c, -2*p - 3*p = 4*c + 32. Let n be 5*p*1*1/(-5). Suppose 6*t = t - n*y + 23445, -3*y + 15 = 0. Is t a prime number?
False
Suppose -434 = -0*r - 31*r. Suppose -h + z + 1272 = 0, -13*h + r*h + 4*z - 1297 = 0. Is h prime?
True
Let v(s) = -156*s - 7. Suppose 5 = -u + 2*u. Suppose 0*t - 20 = 2*r - t, 0 = u*r - 2*t + 49. Is v(r) prime?
False
Is (-139532*30/(-180))/(((-2)/33)/(-1)) a prime number?
False
Let f(z) = 2*z - 1. Let r(d) = -1994*d + 188. Let y(j) = f(j) - r(j). Is y(5) prime?
True
Let p(j) = 6*j**2 + 2*j + 48. Let i be p(10). Suppose 6*l = i + 15646. Is l a prime number?
True
Suppose -5*x - 10 = 0, -k - 35*x = -33*x - 201243. Is k composite?
False
Let o(b) = -23*b + 8. Let l be o(-1). Suppose 0 = -15*n + l*n - 12016. Is n composite?
False
Let z(d) = 57*d**3 + 13*d**2 + 19*d - 181. Is z(10) a composite number?
False
Let u = -29691 - -272994. Is u a prime number?
False
Suppose -166*o = -161*o + 10. Is ((-14489)/6*o)/(30/90) prime?
True
Let f be (6/(-4))/(4 + (-849)/210). Suppose -2*l = -7*l + f. Suppose l*c - 3305 = 17282. Is c a prime number?
False
Let c(r) = 17*r**2 - r - 5. Let o be c(3). Suppose o = 3*b - 866. Suppose 0 = z, -2*z + b = u - 7*z. Is u a prime number?
True
Let z(n) = 4*n - 24. Let c be z(8). Suppose 4*y = -c*y + 15780. Is 8/(-14) + y/35 composite?
False
Suppose 6*x - 424653 + 12843 = 0. Suppose -c - x = -4*n, 0 = -7*n + 3*n - c + 68637. Is n a composite number?
False
Let d(k) = 11*k**2 + 15*k + 9. Let v(n) = -4*n**2 - 5*n - 3. Let j(b) = 3*d(b) + 8*v(b). Let w be j(-5). Suppose w*c - 50 - 1819 = 0. Is c a composite number?
True
Suppose 5*c = -3*s + 73639, 4644 = 4*c - 4*s - 54248. Suppose q - 4*l = 4905, c = 3*q + l - 2*l. Is q a prime number?
True
Suppose -4*b = 5*v - 23, v + 3*b = 3 + 6. Let m be -1 + (206295/9 - (-1)/v). Is m/13 - 2/13 composite?
True
Let z(q) = -q**3 + 5*q**2 - 17*q + 66919. Is z(0) prime?
True
Let z be ((-9)/(-2) - 2)*60/25. Suppose 11*l - 43760 = z*l. Suppose 5*i - 11493 = l. Is i a prime number?
True
Is (-2 + (-303)/(-18))*(-9 - -5811) a prime number?
False
Let d(i) = 196*i**2 + 275*i + 26. Is d(-23) composite?
True
Let h = 350 - 334. Suppose -2*f + 3*s + 4023 = 0, h*f - 10115 = 11*f - 4*s. Is f composite?
True
Let p be ((-688)/(-3))/(-4)*-126. Let x = -4036 + p. Suppose -10*s = -14*s + x. Is s a composite number?
False
Suppose 0 = -s - 7*u + 4*u + 12364, 4*s - 5*u - 49473 = 0. Is s a prime number?
False
Is (-42)/(-28)*184130/(-30)*(1 - 3) composite?
False
Suppose -3*c + 2*i = -691450, 19*c = 16*c - 3*i + 691470. Suppose -31*s = 3*s - c. Is s composite?
False
Let r be 4 - ((-2)/5)/((-2)/(-10)). Let k be r/24 + (-17340)/(-16). Let t = -497 + k. Is t composite?
False
Let m(v) = v**3 + 10*v**2 - 6*v + 55. Let k be m(-11). Let n(z) = 3*z**3 + z + 9587. Is n(k) a composite number?
False
Suppose 476604 = -53*b + 3054895. Is b a composite number?
False
Let c(y) = 3461*y**2 - 267*y + 27. Is c(-10) prime?
False
Suppose 0 = -2*s + 40045 + 81673. Is s a prime number?
True
Suppose 0 = 29*d - 34*d + 17480. Suppose -8263 - d = -11*u. Is u a prime number?
True
Let z(s) = 920*s + 22. Let g be z(-2). Let v = g + 8863. Is v prime?
False
Suppose -5*s - y + 2*y = 0, 0 = -5*s - y. Suppose -4*r + 8*r - 38620 = s. Is r a composite number?
True
Suppose 33*n + 81051 = 1103269 + 2436875. Is n a composite number?
True
Let z(i) = 9*i**2 + 13*i + 240. Let x be z(28). Let b = -4019 + x. Is b a composite number?
True
Let l = 61 + -93. Let j be 1/(-3) + -1*l/6. Suppose m + 2*m = j*i - 845, 3*i + m = 493. Is i a composite number?
True
Let b(w) = 2*w**2 + 7*w + 4. Let g be b(-5). Let i = g - 15. Suppose 0 = 5*h + i*s - 2931, 0*s + 589 = h - 2*s. Is h prime?
True
Suppose 2*w - 31 = 7*t - 2*t, 2*t - 3*w = -19. Is 1 + 2186 + (1 - (-25)/t) a prime number?
False
Let v = 81 + -163. Let g = 55 + v. Let i(w) = w**2 + 2*w + 44. Is i(g) composite?
False
Let y be (-3 + -12)/(-5) + 9. Suppose 8*r - y*r = -184844. Suppose 3*m - r = -8*m. Is m a prime number?
True
Let t(s) = 15139*s - 6804. Is t(29) a composite number?
False
Suppose 87*h = 16002546 + 9573975. Is h a prime number?
True
Suppose 68 - 40 = 7*r. Suppose r*t + 10985 - 142309 = 0. Is t prime?
True
Suppose 0 = c + m - 234153, -3*m = -c - 6*m + 234161. Is c prime?
True
Let i = -111845 - -243136. Is i a composite number?
True
Let g(l) = 1030*l**2 + 33*l - 777. Is g(20) a prime number?
True
Suppose -282*q = -285*q. Suppose g + 5*w = 4759, q = -5*g - w + 36654 - 12811. Is g a prime number?
False
Let a = -16837 + 25501. Suppose 3*v + 8682 = 2*u + 3*u, u + a = -3*v. Let g = -1842 - v. Is g a composite number?
True
Suppose -47*g + 4713247 = 31*g - g. Is g a composite number?
False
Suppose 1092 = 13*w - 0*w. Is 339*w + -3 + 4 a prime number?
True
Let v be (3*4339)/(-6 + 105/20). Is (v/8)/(3 - 42/12) a prime number?
True
Suppose g - 31 = i, -28*g + 23*g = i - 125. Suppose 0 = g*y - 76713 - 45461. Is y a composite number?
True
Let x(d) = d**3 + d**2 - 11*d + 11. Let w(k) be the second derivative of -k**5/20 + k**4/2 - 4*k**3/3 + 4*k**2 + 4*k. Let z be w(4). Is x(z) a prime number?
True
Let z(w) = -w**3 - 21*w**2 + 24*w + 9. Let x be z(-22). Let n = 44 + x. Suppose -n*b + 259 = -920. Is b composite?
False
Let s(i) = -1735*i + 3682. Is s(-73) a prime number?
True
Let p(s) = 28*s**2 + 8. Let m(a) = 2*a - 7. Let k be m(0). Let j be p(k). Let w = -127 + j. Is w a prime number?
False
Let i be 9/63*(-14)/4*-146. Suppose i + 103 = -2*f. Let p = f - -4809. Is p composite?
False
Let v(k) = 10*k**2 + k + 1. Let y be v(1). Suppose -9*m - 32601 = -y*m. Is m composite?
False
Suppose -1045 = 6*c + 335. Let p = 325 + c. Is p a composite number?
True
Let o(i) = i**2 + 15*i + 2. Let b be o(-15). Suppose b*v - 3315 = -13*p + 12*p, v - 2*p - 1655 = 0. Is v a prime number?
True
Let k = -33 + 37. Let o be k/(-38) + 119/(-133). Is 7434/56 - o/4 prime?
False
Let f(a) = -34*a**3 + 13*a**2 - 152*a - 1554. Is f(-13) prime?
True
Let z = -5 - -4. Let c be (-8)/z*-2*1911/(-24). Is 11/(-66) - c/(-12) composite?
True
Suppose -p - 2*k + 81555 = 0, 20792 = -2*p + 4*k + 183838. Is p composite?
True
Let u(z) = 666*z - 5. Let b(n) = -n**3 + 4*n**2 + n + 6. Let p be b(3). Let k(m) = -m**3 + 17*m**2 + 18*m + 2. Let s be k(p). Is u(s) a prime number?
True
Let x = -3783 - -19284. Suppose -7*m + 12*m - 4*u - x = 0, -5 = -5*u. Is m composite?
True
Suppose 5*y + 2*p - 21 = 2*y, -5*y + 3*p = -35. Suppose 0 = -3*a - 5*j + 12287, 4*a + y*j = 4*j + 16390. Is a a composite number?
False
Suppose -20*y - 42 = 38. Is 62661 + -2 + y + 2 a composite number?
True
Let i(r) = 56623*r - 225. Is i(4) a prime number?
True
Suppose -h + 1379 = -3*t, 4*t - 3*h - 2*h + 1846 = 0. Let v = 4930 + t. Is v composite?
True
Let b(m) = m**2 + 30*m + 2. Let j be b(-30). Is j/10 - (897456/35)/(-2) a prime number?
True
Let q = -116 + 106. Is 769 + (q + 10)/(0 - -1) prime?
True
Let x = 87 - 84. Suppose x*s - 26509 = 872. Is s prime?
True
Suppose q = 3*y + 205061, 559*y - 410086 = -2*q + 556*y. Is q a prime number?
False
Let k = 56 - 49. Let a(j) = 29*j**3 + 3*j**2 + 6*j + 9. Is a(k) prime?
False
Suppose -3*u + 4*l = -199405, -355*u + 2*l - 265888 = -359*u. Is u prime?
False
Suppose 36 = 5*i - 2*y - 10, 4*i - 38 = 2*y. Is 42378/i + 11/(-44) prime?
True
Is (27960/(-35))/(-2)*77 - -1 composite?
False
Suppose -3*y + 5 - 11 = -3*d, 4*d - 5*y = 3. Su